ne a(18).
-121
Let c(x) = -x**3 - 29*x**2 - 47*x + 20. Determine c(-28).
552
Let a(r) = -1285*r + 6426. Determine a(5).
1
Let g(u) = -3*u**3 - 39*u**2 + 14*u + 180. Determine g(-13).
-2
Let o(c) = 118*c - 2245. Determine o(20).
115
Let a(t) = t**3 + 15*t**2 - 40*t + 245. Determine a(-18).
-7
Let v(b) = -b**3 + 5*b**2 + 4*b + 8. Calculate v(6).
-4
Let s(b) = 391*b - 89. Calculate s(1).
302
Let o(l) = -159*l + 4692. Give o(29).
81
Let l(h) = -h**3 - 8*h**2 + 82*h + 27. Determine l(6).
15
Let t(d) = -12*d**3 + 10*d**2 - 18*d. What is t(2)?
-92
Let h(c) = -6*c**2 - 5*c + 2. Give h(1).
-9
Let p(z) = 12*z - 163. What is p(24)?
125
Let l(m) = -m**3 + 88*m**2 + 525*m + 3673. Give l(94).
7
Let p(c) = -8*c + 386. Give p(49).
-6
Let r(k) = 6*k**3 + 295*k**2 + 51*k + 120. Determine r(-49).
22
Let s(n) = n**3 - 17*n**2 + 73*n - 44. Calculate s(10).
-14
Let g(c) = -90*c**2 + 17*c + 18. Calculate g(-1).
-89
Let c(d) = -4*d**2 + 27*d + 82. Give c(16).
-510
Let w(l) = 6*l + 75. What is w(-5)?
45
Let v(c) = -3*c**3 + 3*c**2 + 4*c + 3. Give v(-2).
31
Let t(p) = -3*p**3 + 17*p**2 - 14*p - 1. What is t(4)?
23
Let u(s) = 61*s - 61. Determine u(3).
122
Let c(h) = -4*h - 77. Determine c(-22).
11
Let x(q) = 57*q - 65. Give x(3).
106
Let s(n) = -n**3 + 11*n**2 - 36*n + 76. Calculate s(7).
20
Let i(g) = g**2 + 6260*g - 43868. Calculate i(7).
1
Let r(k) = k**3 - 28*k**2 + 5*k - 249. Calculate r(28).
-109
Let a(q) = -24*q + 357. Calculate a(17).
-51
Let f(n) = -6*n**3 + 63*n**2 - 26*n + 337. Calculate f(10).
377
Let b(f) = 318*f + 629. Give b(-2).
-7
Let g(v) = 2*v**3 + 8*v**2 - 14*v - 11. Give g(-5).
9
Let d(k) = -89*k - 234. Give d(-6).
300
Let g(w) = w**3 + 13*w**2 + 23*w - 13. What is g(-11)?
-24
Let m(o) = 299*o - 54447. Give m(182).
-29
Let o(l) = -l**2 - 48*l - 532. Determine o(-18).
8
Let u(w) = -2*w**2 - 13*w - 27. Give u(-9).
-72
Let l(w) = -797*w + 1594. Give l(2).
0
Let j(g) = -g**2 + 500*g - 1002. Determine j(2).
-6
Let v(c) = -c**2 + 10*c + 4. Calculate v(14).
-52
Let i(k) = 2*k**2 + 82*k + 49. Give i(-26).
-731
Let w(a) = a**3 + 20*a**2 + 27*a - 42. Give w(-19).
-194
Let u(t) = -2*t**2 + 11*t + 29. Calculate u(11).
-92
Let s(j) = -16*j**2 + 15*j + 98. Give s(-5).
-377
Let j(u) = -3*u**2 + 47*u - 120. Calculate j(3).
-6
Let o(r) = r**3 - 53*r**2 + 103*r - 107. Give o(51).
-56
Let n(h) = 29*h + 37. What is n(0)?
37
Let r(b) = -b**3 + 5*b**2 - 11*b + 15. Give r(2).
5
Let x(c) = 81*c**3 - c**2 + 27*c + 28. Determine x(-1).
-81
Let r(q) = -43051*q - 43052. Calculate r(-1).
-1
Let t(v) = 12*v + 87. Give t(-5).
27
Let h(j) = -j**3 - 84*j**2 - 5*j - 431. What is h(-84)?
-11
Let x(b) = b**3 - 26*b**2 - 62*b + 184. Determine x(28).
16
Let l(q) = -2848*q + 25718. Calculate l(9).
86
Let t(z) = -9*z**3 - 53*z**2 + 3*z - 6. What is t(-6)?
12
Let a(u) = 3*u**2 - 302*u + 1349. Calculate a(96).
5
Let c(b) = -173*b - 2934. Calculate c(-17).
7
Let q(m) = m**3 - 13*m**2 + 42*m - 29. What is q(4)?
-5
Let p(n) = -n**2 + 268*n + 1629. Calculate p(274).
-15
Let n(a) = 15*a**2 - 222*a + 48. What is n(14)?
-120
Let p(t) = 3*t**2 + 24*t - 550. Calculate p(13).
269
Let w(n) = -3*n**2 - 72*n - 79. What is w(-30)?
-619
Let r(u) = -17*u + 31. Calculate r(11).
-156
Let m(v) = -11*v**2 - 148*v - 136. Calculate m(-1).
1
Let m(h) = 199*h + 1885. Determine m(-10).
-105
Let v(s) = -s**3 - 70*s**2 + 458*s + 28. Determine v(-76).
-124
Let z(t) = 329*t + 2014. Calculate z(-6).
40
Let l(k) = 524*k + 8361. Determine l(-16).
-23
Let j(a) = -10*a**2 + 4*a + 68. Give j(7).
-394
Let l(a) = -a**3 - 9*a**2 + 16*a + 163. Calculate l(-8).
-29
Let g(j) = -j**3 + 14*j**2 - 19*j - 2. Give g(8).
230
Let s(o) = -374*o - 19075. Give s(-51).
-1
Let b(k) = 51*k - 910. Calculate b(18).
8
Let i(p) = p**3 - 51*p**2 - 51*p - 2916. What is i(53)?
-1
Let x(s) = -50*s - 315. Determine x(-7).
35
Let k(m) = 216*m + 10164. Calculate k(-47).
12
Let f(p) = -p**3 + 14*p**2 - 7*p + 38. What is f(12)?
242
Let l(s) = -148*s + 1585. Determine l(11).
-43
Let a(b) = -5*b**2 + 38*b + 8. What is a(6)?
56
Let d(q) = -q**3 + 263*q**2 + 3877*q - 14. Determine d(-14).
0
Let x(u) = -36*u - 500. Calculate x(-12).
-68
Let l(y) = 285*y - 15. Calculate l(0).
-15
Let b(v) = 32*v**3 + 7*v**2 - 19*v. Calculate b(1).
20
Let o(f) = 11*f - 372. Give o(45).
123
Let b(q) = -2*q**3 - 93*q**2 - 43*q + 121. Calculate b(-46).
-17
Let x(v) = v**3 + 11*v**2 + 71. Give x(-13).
-267
Let f(l) = -8*l**2 - 7*l + 26. Determine f(4).
-130
Let t(y) = y**2 - 14*y - 895. Calculate t(34).
-215
Let a(q) = 44*q + 890. Give a(-20).
10
Let n(s) = 11*s**2 - 267*s + 38. Calculate n(24).
-34
Let n(c) = -c**3 + 48*c**2 + 321*c + 63. What is n(54)?
-99
Let x(q) = 13*q + 227. What is x(-23)?
-72
Let x(o) = o**3 + 8*o**2 + 61*o + 399. Give x(-8).
-89
Let c(o) = 100*o + 640. Determine c(-7).
-60
Let f(z) = 53*z - 2285. Calculate f(43).
-6
Let k(u) = -8*u**2 + 237*u - 143. What is k(29)?
2
Let v(s) = -3*s**2 + 3*s - 3. What is v(-3)?
-39
Let z(b) = -109*b + 255. What is z(6)?
-399
Let f(g) = -23*g**2 - 38*g - 34. Determine f(-1).
-19
Let o(q) = 63*q - 2261. Give o(36).
7
Let a(q) = 58*q + 1436. Calculate a(-22).
160
Let v(l) = -2*l**3 - 3*l**2 + 212*l + 15. Give v(-11).
-18
Let w(p) = -p**2 - 81*p - 1665. Determine w(-40).
-25
Let o(h) = -h**3 + 31*h**2 + 514*h + 106. What is o(43)?
20
Let n(o) = -16*o + 4. Calculate n(-10).
164
Let k(m) = 251*m + 37403. Determine k(-149).
4
Let n(i) = -9*i**2 - 184*i - 84. Calculate n(-20).
-4
Let f(t) = -26*t + 55. Give f(-15).
445
Let j(h) = 7*h**3 - 65*h**2 + 18*h + 3. What is j(9)?
3
Let x(c) = -c**2 - 58*c - 640. What is x(-14)?
-24
Let f(l) = l**3 + 3*l**2 + 4*l + 22. Calculate f(-4).
-10
Let a(z) = -z**3 - 13*z**2 + 15*z + 9. Determine a(-14).
-5
Let x(m) = m**2 - 411*m - 3773. What is x(-9)?
7
Let o(m) = -36*m**2 - 22*m - 32. Determine o(-3).
-290
Let f(t) = -9*t**2 - 98*t - 71. Determine f(-10).
9
Let c(r) = 5659*r + 28310. What is c(-5)?
15
Let a(g) = 105*g + 91. Determine a(-1).
-14
Let a(n) = -16*n**2 - 2202*n + 834. Calculate a(-138).
6
Let q(k) = 479*k + 1397. Determine q(-3).
-40
Let x(z) = 71*z + 779. What is x(-11)?
-2
Let u(k) = -k**3 + 21*k**2 - 30*k - 77. What is u(18)?
355
Let z(y) = -y**2 + 281*y - 14497. What is z(213)?
-13
Let j(g) = -362*g + 5107. Determine j(14).
39
Let t(v) = -2*v**3 - 8*v**2 - 13*v - 6. Give t(-1).
1
Let w(n) = n**3 - 9*n**2 + 85*n - 491. Give w(6).
-89
Let q(t) = t**3 + 26*t**2 - 152*t + 112. Give q(-31).
19
Let a(b) = -503*b + 3034. Give a(6).
16
Let b(n) = -5*n**2 - 585*n + 1189. Determine b(-119).
-1
Let k(d) = -d**3 - 205*d**2 + 182*d - 4945. Give k(-206).
-1
Let r(j) = -6*j - 112. Determine r(-22).
20
Let w(o) = -135*o - 4697. Give w(-35).
28
Let n(x) = -6*x**3 + 130*x**2 + 46*x - 5. Give n(22).
39
Let u(w) = 56*w + 4. Determine u(-3).
-164
Let r(y) = -y**3 + 19*y**2 - 26*y + 32. Calculate r(7).
438
Let x(h) = 5*h**3 - 292*h**2 + 96*h + 1158. Determine x(58).
-2
Let k(l) = -169*l - 43771. Determine k(-259).
0
Let l(v) = -2*v**2 + 38*v + 252. Determine l(-6).
-48
Let o(s) = 3*s**2 + 2*s - 98. Determine o(0).
-98
Let s(h) = -h**3 - 10*h**2 - 8*h - 140. Give s(-11).
69
Let s(j) = -833*j + 13326. Calculate s(16).
-2
Let v(c) = -289*c + 5577. What is v(19)?
86
Let f(k) = 2*k**2 + 40*k - 208. Give f(7).
170
Let c(u) = u**3 - 8*u**2 - 9*u + 91. Give c(7).
-21
Let a(d) = 120*d + 2. Calculate a(0).
2
Let v(m) = -4*m**2 + 42*m - 179. What is v(6)?
-71
Let f(i) = -i**2 - 27*i + 368. Calculate f(-37).
-2
Let y(t) = t**3 + 58*t**2 - 9*t - 698. Determine y(-58).
-176
Let f(d) = 5*d**2 - 52*d + 127. What is f(6)?
-5
Let d(g) = 59*g - 437. Give d(10).
153
Let x(c) = 3*c**2 - 587*c + 23948. Calculate x(58).
-6
Let u(l) = -l**3 + 51*l**2 - 56*l + 270. Calculate u(50).
-30
Let x(z) = 7*z**2 + 561*z + 174. Give x(-80).
94
Let c(y) = 21*y - 25. Give c(5).
80
Let g(p) = p**3 + 23*p**2 - 44*p + 115. Determine g(-24).
595
Let c(a) = -9*a**3 - 5*a**2 + 3*a + 2. Calculate c(1).
-9
Let u(a) = -4*a**2 - 291*a - 577. Determine u(-2).
-11
Let x(n) = -n**3 - 178*n**2 - 4199*n - 12. Calculate x(-28).
-40
Let j(f) = -70*f**3 - 3*f**2 - 3*f - 1. What is j(-1)?
69
Let q(p) = 269*p + 16136. Calculate q(-60).
-4
Let d(y) = -3*y + 12. Give d(-2).
18
Let f(r) = -r**3 - 18*r**2 - 30*r + 11. Give f(-16).
-21
Let y(q) = 136*q + 407.